inder when 93 is divided by l(z)?
29
What is the remainder when 59 is divided by ((-280)/112*(-304)/70)/((-4)/(-14))?
21
Let g = 1655 + -1111. What is the remainder when g is divided by 183?
178
Let a(r) = r + 20. Let d be a(-8). Suppose -d - 28 = -4*f. What is the remainder when 137 is divided by f?
7
Let x(j) = j**2 - 16*j - 29. Let k be x(18). Suppose 5*c - 2*q - k = 74, 12 = -4*q. Calculate the remainder when c is divided by 6.
3
Suppose -l = 2*v - 5, 5*v - 2*v + l = 6. Calculate the remainder when 84 is divided by (-4 + -30)*2/(-4)*v.
16
Suppose -765 = -2*d - 5*a, 286*d = 282*d + 3*a + 1491. Calculate the remainder when 3381 is divided by d.
6
Let t = -6843 - -6963. Calculate the remainder when 848 is divided by t.
8
Let t(q) = -q**3 - 6*q**2 + 4*q + 7. Let f = -34 + 26. Let o = f - -1. Calculate the remainder when t(o) is divided by 16.
12
Let m(l) = -l**3 + 106*l**2 - 309*l + 2. Calculate the remainder when 1661 is divided by m(103).
1
Let r(f) = -f + 238. Calculate the remainder when 476 is divided by r(20).
40
Let x be (-7)/(-1) - 0/1. Suppose 4*r + x = 31. What is the remainder when 45 is divided by r?
3
Suppose -98*b + 93*b = -5. Calculate the remainder when 42 + b - (3 + -7) is divided by 7.
5
Suppose -8 = 2*l, 423*m - 420*m - l - 37 = 0. What is the remainder when 7797 is divided by m?
9
Let k = 53 - 50. Let t be -7 - (32/(-10) + k/15). Calculate the remainder when -3 + t + 8 - -47 is divided by 7.
6
Let b(t) be the second derivative of -43*t**3/6 - 23*t**2/2 - 27*t - 1. Calculate the remainder when b(-8) is divided by 54.
51
Let r(c) = 1233*c - 2419. Let k be 2/(-3) - (-40)/15. Suppose -3*y + 4*y + k*x - 24 = 0, 0 = 3*y - x - 72. What is the remainder when r(2) is divided by y?
23
Let p = -133 - -173. Suppose 39*n = p*n - 40. What is the remainder when n is divided by 14?
12
Let r = 2309 + -2238. Suppose -4*q - q - 2*n = -20, -5*q + 35 = -n. Suppose 3*o + p + 55 = q*o, -p = -5*o + 91. What is the remainder when r is divided by o?
17
Let f(m) = 4*m**2 - 62*m - 64. Suppose 6*g = 2*g + 84. Calculate the remainder when f(g) is divided by 25.
23
Suppose 0 = 12*b - 3*b - 36. Let j(a) = 5*a - 3. Let p = 18 - 13. What is the remainder when j(b) is divided by p?
2
Suppose -p + 39 = 2*p. Suppose -36*m + 6388 = 160*m - 3020. What is the remainder when m is divided by p?
9
Let a be 3/54*147 + 2/(-12). Suppose 4*o = a, v = -7*o + 2*o + 142. What is the remainder when v is divided by 15?
12
Let t = 35 + 3. Let r be ((-4)/5)/(26/(-10985)). Suppose -4*b - 3*z + 339 = -b, 3*b + 2*z = r. Calculate the remainder when b is divided by t.
36
Let w = -484 - -746. Let o = -60 + 113. What is the remainder when w is divided by o?
50
Let k(b) = -1085*b - 3164. What is the remainder when k(-6) is divided by 17?
14
Let t(o) = -7*o**2 - 706*o + 293. What is the remainder when 544 is divided by t(-101)?
160
Let i be ((-291)/(-2))/3 + 23/46. Suppose -i = -9*c + 5. What is the remainder when -1 + (-3 - -2) - -48 is divided by c?
4
Let g(i) = 123*i**2 - 5*i + 5. Let v be g(3). Suppose -r = 5*o - 232, 2*r + 3*r - v = -4*o. What is the remainder when r is divided by 20?
17
Suppose -15*y - 15 = -18*y. Suppose 2*o - y*o + 15 = 0. Suppose 3*d - 297 = -o*c, 3*d + 2*c + c - 291 = 0. Calculate the remainder when d is divided by 24.
22
Let r(a) = 2*a - 45. Let u be r(-14). Let o = u + 81. Suppose -4*v + 328 = -m, v - 3*m - 61 = -o*m. What is the remainder when v is divided by 21?
18
Let k(h) be the first derivative of 4*h**3/3 - h**2 - h - 2. Suppose 0 = p - c, -p + 3*c - 16 = -10. What is the remainder when 51 is divided by k(p)?
22
Let p = -264 - -292. Let m(b) = 137*b**3 + 1. Calculate the remainder when m(1) is divided by p.
26
Let o = 105 - 100. Suppose d + 5*m = -34 + 205, 4*d - 714 = -o*m. What is the remainder when d is divided by 62?
57
Let z = 2126 + -2110. Calculate the remainder when 196 is divided by z.
4
Calculate the remainder when 12/(-54) - (-2740)/18 is divided by (-2)/6 - (7616/(-204) - -5).
24
Suppose 1489*x + 59214 = 1560*x. What is the remainder when x is divided by 78?
54
Let o(q) = 8*q + 67. Let y be o(-8). Let i(k) = 45*k - 83. Calculate the remainder when i(y) is divided by 31.
21
Let f = -80 - -86. Suppose -5*a = -11*a + f. Calculate the remainder when 1*(-4 + 14 + -3) is divided by a.
0
Suppose 3*i = -2*l + 5*i - 202, -2*i - 498 = 5*l. Suppose 0 = 6*p + 12, -2*j + 2*p = -170 - 180. Let v = l + j. What is the remainder when v is divided by 19?
16
Suppose u - y - 17 = 0, 5*u - 59 - 26 = -3*y. Suppose -7*o + 2*o + 160 = 0. Calculate the remainder when o is divided by u.
15
Let q(x) = 30 - 2 - 2*x + 29. Let a be q(27). Suppose -5*r + 536 = a*r. What is the remainder when r is divided by 23?
21
Suppose -41*g - 5*g + 414 = 0. Suppose -6*j + g*j = o - 98, 0 = 5*o - 5*j - 470. What is the remainder when o is divided by 14?
8
Let x(s) = -s**3 + 10*s**2 + 13*s + 9. Let v(t) = -t**3 + 6*t**2 + 8*t + 6. Let m be v(7). Let f = 29 - m. Calculate the remainder when x(11) is divided by f.
15
Suppose -c + 4*b = -29, 3*b + 0*b = -9. Suppose -116*v = 5*v + 177 - 9131. What is the remainder when v is divided by c?
6
Let u = 84 - 82. Suppose -24*t + 22*t = -4*a + 144, 3*a + u*t - 94 = 0. What is the remainder when 106 is divided by a?
4
Let b = 3300 + -3195. Calculate the remainder when 117 is divided by b.
12
Suppose 3*x + 4*f = 202, 257 = 5*x + 2*f - 103. Let z = x + -33. Let q = 2 + z. What is the remainder when q is divided by 12?
7
Let x = -14275 - -14551. What is the remainder when x is divided by 35?
31
Suppose 4*b = 2*h - 2748, -19*b + 14*b + 6810 = 5*h. Calculate the remainder when h is divided by 170.
6
Let y(t) = 3*t**3 + 2*t**2 - 44*t + 85. What is the remainder when 418 is divided by y(2)?
12
Let a(x) = 38*x**2 - 687*x + 77. Let i(r) = r**3 - 3*r**2 + 3*r. What is the remainder when i(4) is divided by a(18)?
5
Let y(x) = 2*x**3 - 43*x**2 - 20*x + 21. Calculate the remainder when 4743 is divided by y(22).
63
Let k(y) = 22*y + 613. Calculate the remainder when 319 is divided by k(-27).
15
Suppose 22*n = 26*n - 32. Let w = 24 + -24. Calculate the remainder when (63/(-7) - w)*(1 + -8) is divided by n.
7
Suppose 0 = 11*l - 24*l + 247. Let o = 10 - 8. Suppose c - 216 = -o*c. What is the remainder when c is divided by l?
15
What is the remainder when 281 is divided by (-21)/(((-136)/36 - -4) + (-530)/1170)?
8
Let f(g) = 2*g**2 - 54*g - 1526. Calculate the remainder when 1472 is divided by f(-21).
2
Let b(n) = -2*n**2 + 3*n - 3. Let c be b(2). Let u(m) = -247*m - 1463. Calculate the remainder when (5/(-3))/c*69 is divided by u(-6).
4
Let x(j) = j**2 + 3*j - 12. Let n be x(0). Let v(o) = 16*o**2 - o. What is the remainder when v(2) is divided by (-250)/n + (-34)/(-204)?
20
Let z(o) = -6*o**3 + 6*o**2 + 14*o + 4. Calculate the remainder when z(-5) is divided by 417.
0
Suppose 34*r - 18 = 31*r. Calculate the remainder when (72/21 - -2)/(r/84) is divided by 32.
12
Suppose -4*d = a - 8, -2*d + 11 = 3*a + 7. Suppose -2*r - 45 = -5*s + d*r, r = 0. Let n = 56 - 35. What is the remainder when n is divided by s?
3
Let j = 7098 + -5569. What is the remainder when j is divided by 45?
44
Let k(l) = -10*l + 80. Let g be k(8). What is the remainder when (g - 573/(-6))*8/4 is divided by 49?
44
Suppose -58*f + 326620 = 82*f. Calculate the remainder when f is divided by 5.
3
Let i = 9517 + -9311. What is the remainder when i is divided by 33?
8
Let t(z) = 17*z - 10. Let x be 5 + (-1 - 0) + 103/(-1). Let l = 104 + x. What is the remainder when t(l) is divided by 20?
15
Suppose c = -2*h + 5, -4*h = -9*h + 5*c + 50. Let i be (-4)/(-12) - (-4)/6. Calculate the remainder when ((-5)/10)/(70/72 - i) is divided by h.
3
Suppose 19*r + 6 = 21*r. Suppose 0 = -r*p + 6 + 78. What is the remainder when p is divided by 6?
4
Suppose 2*f - 59 + 6 = i, 3*i = 2*f - 63. Suppose -c + 2*g = -38, 0 = -c - 19*g + 14*g + 66. What is the remainder when c is divided by f?
22
Let z be 0 + 3 - (-1 - -1). Suppose -163 = -z*h + a - 0*a, -4*a + 132 = 2*h. Suppose -8*m + 10 = -20 - 66. What is the remainder when h is divided by m?
8
Let b be 1/2 + 158/4. Let x = -20 + b. Suppose -204*m + 17868 + 18036 = 0. Calculate the remainder when m is divided by x.
16
Let c be 38*(-3)/(-27) + 6/(-27). Suppose -u + 54